2*b(h) - 9*f(h). What is s(7)?
-6
Suppose 18 = 3*m - 3*l, 3*l - 145 = 4*m - 168. Let a(y) = 3*y**2 - 10*y + 2. What is a(m)?
27
Let h(l) = l**3 + 3*l**2 + 2*l + 1. Suppose -38*x - 28 = -24*x. Determine h(x).
1
Suppose -4*t + 3*o - 24 = 0, 0 = -3*t - t - 2*o - 4. Let w(i) = -214*i - 2*i**2 + 4 - 208*i + 419*i. Give w(t).
-5
Suppose -4*b = 87*t - 82*t + 32, b = -2*t - 11. Let h(q) = 1. Let v(i) = i - 2. Let w(j) = -5*h(j) - v(j). Calculate w(t).
1
Let p(q) = q**2 - 5*q - 1. Let w be 36/(-27)*-12 - 8. What is p(w)?
23
Let c(i) be the third derivative of 0*i - 1/15*i**5 - 1/120*i**6 - 1/24*i**4 + 31*i**2 + 0 + 0*i**3. What is c(-3)?
-6
Let f(g) be the third derivative of -g**5/30 + g**4/6 - 5*g**3/6 + 8*g**2. Suppose -25 = -13*z + 27. What is f(z)?
-21
Let x(s) = -s + 5. Let g be x(0). Suppose 0*q + g*q = -50. Let u be ((-8)/q)/((-5)/(-25)). Let p(f) = -f - 3. Give p(u).
-7
Let k(h) be the first derivative of -h**3/3 + 5*h**2 - 13*h + 227. Determine k(10).
-13
Let b = 186 + -104. Let l = 85 - b. Let c(d) = -d**2 - 3*d**2 - 2*d + 5*d**2. Determine c(l).
3
Let u(l) = l**3 + 31*l + 0*l**3 + 23 + 3318*l**2 - 3340*l**2 + 8*l. Calculate u(20).
3
Let w = -3009 + 3003. Let o(y) = y**2 + 5*y + 0*y**2 + 0*y**2 - 3. Give o(w).
3
Suppose -4*f + 3 = -5*w + 43, w + 3*f = -11. Let j(l) = -3*l + 2. What is j(w)?
-10
Let s(x) = 77*x**2 - 160*x**2 - 8*x + 77*x**2 - x**3 - 9. Determine s(-5).
6
Let g = -4 - -7. Suppose -n + 3*n = -g*y - 7, -n + 2*y = -14. Let t(s) be the first derivative of s**3/3 - s**2 - 4*s + 283. What is t(n)?
4
Let d(k) = 4*k**3 + k**2 - k + 2. Suppose -8*t - 36 = -26*t. Determine d(t).
36
Let i(c) = c - 2. Let k be i(6). Let z(v) = 4*v + v - k*v + v + 4. Give z(3).
10
Let m = 95 - 55. Suppose -5*n = 3*n + m. Let q(o) = -3*o - 6. Calculate q(n).
9
Let a(j) be the first derivative of -j**5/24 - 5*j**3/3 - 15. Let u(l) be the third derivative of a(l). Determine u(1).
-5
Let w(p) = 7*p**2 + 10*p - 13. Let r(f) = -2*f**2 + 3. Let n(d) = -4*r(d) - w(d). Calculate n(9).
-8
Suppose 5*a + 20 = 2*r, 0 = 2*r - 4*r - 5*a + 20. Suppose 3*l = r - 1. Let x(c) = -3*c**2 - c**2 + c + 0*c**2 - c**l + 1. Give x(-4).
-3
Let o be 2 + (-6)/(1 - -1). Let x(p) be the third derivative of -p**6/240 - 3*p**4/4 - 8*p**2. Let a(d) be the second derivative of x(d). What is a(o)?
3
Suppose -2*a + 8 = 12*u - 13*u, -4 = 3*u - a. Let b(q) be the third derivative of -1/2*q**3 + 0 + u*q + 1/12*q**4 + 7*q**2. What is b(5)?
7
Let m(p) = -1. Let u(z) = z**2 + 10*z + 4. Let o(k) = 6*m(k) - u(k). What is o(-9)?
-1
Let k(m) = 14*m - 9. Let p(d) = 5*d - 3. Let n(o) = 6*k(o) - 17*p(o). Suppose 54 = -0*b - 18*b. Determine n(b).
0
Let y(n) = -n**3 - 2*n**2 + 17*n + 39. Let s be y(-4). Let o(t) = -8*t + 15. Calculate o(s).
-9
Let z(q) = 9. Let a(m) = m - 18. Let i(c) = -2*a(c) - 5*z(c). Let p(y) = -y + 13 + 7*y - 3*y. Let u(o) = 7*i(o) + 5*p(o). What is u(-5)?
-3
Let v(x) = -8 + 1403*x**2 + 11*x - 1402*x**2 + 6*x. Give v(-17).
-8
Suppose 0 = -v - 5*n + 9*n - 11, 5*v + 10 = 5*n. Let q(i) be the third derivative of i**5/4 - i**4/12 + i**3/6 + 2*i**2. What is q(v)?
14
Suppose 9*l - 3 = 6*l. Let x(w) = 2*w**2 + w - 1. Determine x(l).
2
Let o = -48 - -43. Let h be ((-4)/(-3 + o))/((-2)/8). Let j(d) = -3*d**2 - 2*d - 3. What is j(h)?
-11
Suppose 286*c + 222 = 249*c. Let g(y) be the first derivative of y**2/2 + 10*y + 1. What is g(c)?
4
Let i(z) be the second derivative of z**3/6 - z**2 + z + 47. Suppose 0*o - 3*o + 4*u + 22 = 0, -4*o + 23 = u. Give i(o).
4
Suppose -3*j = -20 - 7. Let f(n) = -n**2 - 3 - 11*n + 19*n + 7. Calculate f(j).
-5
Let x(f) = -8*f - 1. Suppose 5*m + 7 - 20 = 2*q, 2*m = -2*q - 6. Determine x(m).
-9
Let o(m) = m**2 + 1. Let k be o(1). Let v(a) = 56 + 2*a**k - a**2 - 59 + a**3 - 5*a**2 - 4*a. Let z be 4/(-6)*(-30)/4. What is v(z)?
2
Suppose 0 = x + 3*f - 6, 5*x + f - 6 = -2*f. Let q(u) = 0*u**3 - u**3 + 2*u**3. What is q(x)?
0
Let a(y) = y**2 + 5*y - 2. Let x be a(-6). Let q(l) be the third derivative of -l**4/24 + l**3/3 - 31*l**2. What is q(x)?
-2
Let i(s) = s**2 + s - 1. Let p(x) = -5*x**2 + 5*x - 7. Let q(r) = 6*i(r) + p(r). Determine q(-12).
-1
Let u(d) = 5*d**2 + 4. Let j(s) = -4*s**2 - 4. Let t(k) = -4*j(k) - 3*u(k). Suppose 0 = 9*x - 21*x. What is t(x)?
4
Let c(t) = -9*t**2 - 3*t + 3*t + 8*t**2 + 8*t + 8. Calculate c(9).
-1
Let b(z) = 3*z**3 - 27*z**2 - 17*z + 6. Let n(q) = 2*q**3 - 14*q**2 - 8*q + 4. Let i(k) = 3*b(k) - 5*n(k). Give i(-10).
8
Let y(s) be the second derivative of s**5/20 + s**4/2 + s**2/2 - s. Let l be -4 - ((-10)/(-5) - 0). Let x be 3 + l + ((-3)/(-1))/(-1). Give y(x).
1
Let a(r) = 2*r + 3. Let m = -24 + 42. Let i = m + -21. Determine a(i).
-3
Let d(b) = 11*b**2 + 10*b - 29. Let l = 63 - 66. Let o(i) = 4*i**2 + 3*i - 10. Let h(n) = l*d(n) + 8*o(n). Determine h(-5).
12
Let i(y) = y**3 + 7*y**2 + 6*y. Let a(b) = -b. Let x be a(6). Let u = x + 12. Let n be 27/u*(-8)/6. What is i(n)?
0
Let x = -94 - -99. Suppose x*p - 15 = i, -16 = 2*i + 2*p - 5*p. Let q(w) = w - 7. Give q(i).
-12
Let f(w) = 46 - 91 + 49 - 5*w. Give f(2).
-6
Suppose -198 = 43*o + 23*o. Let t(b) = -b**3 - 4*b**2 + 2*b. Determine t(o).
-15
Suppose -2*u - 4 + 0 = 0. Let m(i) = i**2 + 13*i + 23. Let l be m(-11). Let j(n) = -n - 7 + l + 6 - 1. Calculate j(u).
1
Let q(r) = -7*r**2 + 6*r**2 + r + 6*r + 18 + 4*r - r. Give q(11).
7
Let q(z) = z**3 - 4*z**2 + z. Let i be q(4). Let l(v) be the second derivative of v**3/6 - 5*v**2/2 + 259*v. What is l(i)?
-1
Let q(v) = -5*v**3 - 2*v**2 - 10*v - 7. Let m(s) = -9*s**3 - 5*s**2 - 19*s - 14. Let o(l) = 4*m(l) - 7*q(l). Let h = 53 + -58. Determine o(h).
-2
Let r(q) = 6*q - 25. Let c be 9*(-6)/72 + 19/4. Determine r(c).
-1
Let x(q) be the second derivative of -q**5/120 - q**4/24 + 2*q**3/3 + 6*q. Let c(a) be the second derivative of x(a). Determine c(-1).
0
Let g(t) = -t**3 - 3*t**2 - 6*t - 5. Let n be g(-2). Let x(a) = -2*a - 1. Let c(y) = y. Let j(z) = -8*c(z) - 3*x(z). Give j(n).
-3
Let q(u) = u**3 + 12*u**2 + 9*u - 24. Let a be q(-11). Let y(r) = -r**3 - 3*r**2 - 2*r - 2. Give y(a).
-2
Let z(s) = s + 11. Let v(m) = -14*m + 62. Let k be v(7). Let a = k + 27. What is z(a)?
2
Let y(v) = 2*v + 2. Let h(r) = -11*r - 16. Let f(a) = h(a) + 5*y(a). What is f(5)?
-11
Let l(b) = -b + 4. Suppose 3 - 1 = -2*w. Let o(g) = 1. Let d(h) = w*l(h) + 2*o(h). Give d(8).
6
Let l be 54/10 - 4/10. Let x(b) = 56*b - b**2 + 57*b - 158*b + 51*b - 7. Calculate x(l).
-2
Let t = 18 + 6. Suppose -11*j + t = -14*j. Let o(h) = h**2 + 9*h + 7. Determine o(j).
-1
Let q(j) be the third derivative of -j**4/12 - j**3 + 2*j**2. Suppose 0 = 2*d + 5*f + 12, -12*d + 8*d - 24 = -4*f. Give q(d).
6
Let h = 5 + -8. Let s(v) be the third derivative of -v**4/8 - 2*v**3/3 + 50*v**2. Let x be s(h). Let k(f) = f**3 - 6*f**2 + 4*f + 4. Give k(x).
-1
Let q(w) = -w + 5. Suppose s = -2*s + 3, 3*p = s - 1. Suppose -2*h - 2*h + v = p, 3*h = 3*v. Give q(h).
5
Let x(t) = 8*t**2 - 6*t + 4. Let h(j) = -3*j**2 + 3*j - 1. Let s(i) = 5*h(i) + 2*x(i). Determine s(-3).
3
Let w(q) = -q**2 - 3*q - 1. Let y = -353 - -349. Give w(y).
-5
Let u be (-21)/(-14)*44/6. Suppose u*h = 8*h + 9. Let y(r) = r**3 - 2*r**2 - 5*r + 2. Give y(h).
-4
Let j(g) = g**3 - 8*g**2 - 2*g + 7. Let f be j(8). Let b(l) = -2*l - 10. Give b(f).
8
Let k(t) be the second derivative of -t**5/60 - 5*t**4/24 - 2*t**3/3 - 37*t**2/2 - 4*t. Let i(s) be the first derivative of k(s). Give i(-4).
0
Suppose -252*j = -250*j + 4. Let y(f) = -f**2 + 1. Let b(t) = -2*t**2 - t + 2. Let l(o) = -2*o - 1. Let x be l(-2). Let q(w) = x*b(w) - 7*y(w). What is q(j)?
9
Suppose t + 20 = -2*n - 21, -49 = t + 4*n. Let s = t - -40. Let k(x) = 0*x + 2*x**2 - x**3 + 9 + 5*x**2 - 2*x. What is k(s)?
-5
Let r(x) = 2*x**3 + x**2 + 5*x + 3. Let u(i) = -i**3 - i**2 - 4*i - 2. Let b(s) = 2*r(s) + 3*u(s). Let t be (5 + (-36)/6)*(1 - 3). Give b(t).
0
Let d = -2 - 10. Let r(s) = 2*s + 11. Determine r(d).
-13
Let p(o) be the first derivative of 6*o + 4 + 2*o**3 + 3*o**2 + 1/4*o**4. What is p(-5)?
1
Let k = 263 - 266. Let q(a) be the second derivative of -a**5/20 - a**4/3 + 3*a**2/2 + a. Give q(k).
-6
Let n(a) = 5*a**3 - 281*a**2 + 556*a**2 + 3 - a - 4*a**3 - 271*a**2. Calculate n(-5).
-17
Suppose -9 - 5 = -5*z - b, 4*z = 4*b - 8. Suppose 0 = -6*v + z*v - 28. Let g(a) = a**3 + 8*a**2